the remainder when 40805 is divided by 8161.
0
Calculate the remainder when 160889 is divided by 160882.
7
Calculate the remainder when 619 is divided by 138.
67
Calculate the remainder when 67738 is divided by 193.
188
What is the remainder when 1714 is divided by 43?
37
Calculate the remainder when 74099 is divided by 143.
25
Calculate the remainder when 48839 is divided by 1683.
32
Calculate the remainder when 4145577 is divided by 810.
807
Calculate the remainder when 53 is divided by 28.
25
Calculate the remainder when 6704 is divided by 623.
474
Calculate the remainder when 10655 is divided by 82.
77
What is the remainder when 39973 is divided by 39938?
35
Calculate the remainder when 2874 is divided by 2854.
20
What is the remainder when 319482 is divided by 361?
358
Calculate the remainder when 687 is divided by 156.
63
Calculate the remainder when 2359 is divided by 58.
39
What is the remainder when 27380 is divided by 397?
384
What is the remainder when 21265 is divided by 386?
35
Calculate the remainder when 120634 is divided by 464.
458
Calculate the remainder when 9099 is divided by 19.
17
Calculate the remainder when 14475632 is divided by 17.
13
What is the remainder when 65622 is divided by 137?
136
What is the remainder when 2688 is divided by 723?
519
Calculate the remainder when 5847 is divided by 10.
7
What is the remainder when 208361 is divided by 1722?
1721
What is the remainder when 28637 is divided by 14315?
7
Calculate the remainder when 206078 is divided by 25755.
38
What is the remainder when 318326 is divided by 686?
22
Calculate the remainder when 75163 is divided by 324.
319
Calculate the remainder when 4186 is divided by 221.
208
What is the remainder when 47236 is divided by 5?
1
Calculate the remainder when 1936 is divided by 396.
352
Calculate the remainder when 1171 is divided by 685.
486
Calculate the remainder when 6106 is divided by 2031.
13
Calculate the remainder when 33666 is divided by 591.
570
Calculate the remainder when 59091 is divided by 96.
51
Calculate the remainder when 7611 is divided by 166.
141
What is the remainder when 14818 is divided by 98?
20
Calculate the remainder when 1768 is divided by 1734.
34
What is the remainder when 18742 is divided by 375?
367
Calculate the remainder when 879 is divided by 270.
69
Calculate the remainder when 153914 is divided by 23.
21
Calculate the remainder when 305318 is divided by 85.
83
Calculate the remainder when 169992 is divided by 2615.
17
What is the remainder when 4414 is divided by 1094?
38
Calculate the remainder when 12893 is divided by 28.
13
Calculate the remainder when 2332 is divided by 44.
0
What is the remainder when 20635 is divided by 794?
785
What is the remainder when 313439 is divided by 199?
14
What is the remainder when 13560 is divided by 4492?
84
What is the remainder when 6155 is divided by 61?
55
What is the remainder when 226 is divided by 75?
1
Calculate the remainder when 4864 is divided by 601.
56
Calculate the remainder when 58580 is divided by 14634.
44
Calculate the remainder when 20870 is divided by 2048.
390
Calculate the remainder when 2600659 is divided by 1239.
1237
Calculate the remainder when 81582 is divided by 71.
3
Calculate the remainder when 38543 is divided by 176.
175
What is the remainder when 5442 is divided by 544?
2
Calculate the remainder when 15700 is divided by 826.
6
Calculate the remainder when 8692 is divided by 4339.
14
What is the remainder when 95750 is divided by 13677?
11
What is the remainder when 3151 is divided by 1007?
130
What is the remainder when 55794 is divided by 377?
375
What is the remainder when 14646 is divided by 422?
298
What is the remainder when 256922 is divided by 259?
253
What is the remainder when 608 is divided by 74?
16
What is the remainder when 1477145 is divided by 736?
729
Calculate the remainder when 36748 is divided by 36736.
12
Calculate the remainder when 704 is divided by 361.
343
What is the remainder when 4982 is divided by 118?
26
What is the remainder when 1098 is divided by 1001?
97
Calculate the remainder when 1512 is divided by 166.
18
What is the remainder when 11201 is divided by 5259?
683
What is the remainder when 116737 is divided by 417?
394
Calculate the remainder when 1300 is divided by 266.
236
Calculate the remainder when 4938 is divided by 4930.
8
What is the remainder when 4137 is divided by 680?
57
Calculate the remainder when 7468 is divided by 277.
266
What is the remainder when 45580 is divided by 156?
28
Calculate the remainder when 4545 is divided by 3656.
889
What is the remainder when 264622 is divided by 41?
8
Calculate the remainder when 26039 is divided by 377.
26
Calculate the remainder when 3816 is divided by 763.
1
Calculate the remainder when 2228 is divided by 1107.
14
Calculate the remainder when 8823 is divided by 128.
119
What is the remainder when 482958 is divided by 60369?
6
Calculate the remainder when 5075 is divided by 465.
425
What is the remainder when 28770 is divided by 69?
66
Calculate the remainder when 22239 is divided by 893.
807
What is the remainder when 5300 is divided by 69?
56
What is the remainder when 11306 is divided by 2813?
54
Calculate the remainder when 151474 is divided by 4.
2
Calculate the remainder when 5989 is divided by 600.
589
Calculate the remainder when 214121 is divided by 71361.
38
Calculate the remainder when 1151 is divided by 97.
84
What is the remainder when 6717 is divided by 3341?
35
What is the remainder when 427256 is divided by 38840?
16
Calculate the remainder when 122213 is divided by 2494.
7
What is the remainder when 1607 is divided by 35?
32
Calculate the remainder when 8621 is divided by 201.
179
What is the remainder when 403 is divided by 248?
155
Calculate the remainder when 67157 is divided by 13428.
17
What is the remainder when 224884 is divided by 111?
109
What is the remainder when 1571324 is divided by 512?
508
What is the remainder when 14205 is divided by 3528?
93
Calculate the remainder when 907 is divided by 681.
226
Calculate the remainder when 227936 is divided by 348.
344
What is the remainder when 1583 is divided by 1568?
15
Calculate the remainder when 23005 is divided by 7666.
7
What is the remainder when 40369 is divided by 466?
293
What is the remainder when 60352 is divided by 15083?
20
Calculate the remainder when 249876 is divided by 1396.
1388
What is the remainder when 668349 is divided by 192?
189
Calculate the remainder when 4109 is divided by 30.
29
What is the remainder when 1400371 is divided by 74?
69
What is the remainder when 1601907 is divided by 539?
538
Calculate the remainder when 55729 is divided by 60.
49
What is the remainder when 3832 is divided by 1273?
13
Calculate the remainder when 3127 is divided by 304.
87
What is the remainder when 183607 is divided by 35?
32
What is the remainder when 18201 is divided by 1583?
788
Calculate the remainder when 2796 is divided by 1433.
1363
Calculate the remainder when 101092 is divided by 84.
40
What is the remainder when 3434 is divided by 991?
461
What is the remainder when 2839 is divided by 3?
1
Calculate the remainder when 6157 is divided by 1537.
9
What is the remainder when 1106624 is divided by 11?
2
What is the remainder when 634 is divided by 212?
210
Calculate the remainder when 1203019 is divided by 52.
51
What is the remainder when 3319 is divided by 3257?
62
What is the remainder when 288640 is divided by 429?
352
Calculate the remainder when 10390 is divided by 10367.
23
What is the remainder when 4185 is divided by 3186?
999
Calculate the remainder when 31201 is divided by 204.
193
Calculate the remainder when 580094 is divided by 32.
30
Calculate the remainder when 1131198 is divided by 1010.
1008
Calculate the remainder when 21079 is divided by 917.
905
What is the remainder when 5252 is divided by 77?
16
What is the remainder when 80415 is divided by 72?
63
What is the remainder when 114126 is divided by 61?
56
What is the remainder when 9203 is divided by 312?
155
Calculate the remainder when 78087 is divided by 31.
29
Calculate the remainder when 10184 is divided by 3371.
71
What is the remainder when 9947 is divided by 296?
179
Calculate the remainder when 8721 